2 - 33 - 1363*p + 1355*p. Calculate l(-10).
-2
Let w be 4/21*12 + (-2)/7. Suppose 3*z - 30 = -c, 5*c - w*z + z - 214 = 0. Let q = c + -40. Let u(m) = 2*m**3 - 2*m - 1. Determine u(q).
11
Let m(i) = 5*i**2 - 2*i + 3. Let a(f) = -4*f**2 + f - 3. Let p(y) = 4*a(y) + 3*m(y). Suppose 31 = -5*t + 4*l, 6 = 2*t - 3*l + 6*l. What is p(t)?
-6
Let o be (10/4)/(-6*80/(-1536)). Let u(n) = 32*n - 246. Calculate u(o).
10
Let p(b) = -b**2 + 15*b + 596. Let m be p(33). Let s(y) be the second derivative of 1/20*y**5 + 0 - 19*y + 1/3*y**4 - 7/6*y**3 - 3*y**m. Determine s(-5).
4
Suppose 91*j + 1230 = -95*j + 63*j. Let t(h) = 5*h - 18. Give t(j).
-68
Let z(j) = -20*j**3 - j**2 + j. Let b(h) = 133*h**3 + 5*h**2 - 4*h - 1. Let l(s) = b(s) + 5*z(s). Give l(-1).
-35
Let m(g) = -2*g + 10. Let u = -256 + 257. Let c be (-1 + 9/6)*4. Let z be (20 + -6)*u/c. Determine m(z).
-4
Let u(r) be the third derivative of 0 + 0*r + 31*r**2 - 14/3*r**3 - 1/24*r**4. Give u(-17).
-11
Let d(m) = -213*m + 426. Let s be d(2). Let n(a) = -a**3 + 3*a**2 + 5. Calculate n(s).
5
Let h(a) be the first derivative of -a**3/3 - a**2/2 - 5*a - 8. Let n be (16/20)/(3/60*4). Suppose -5*m + 5*z - 6 = 9, -3*m = n*z - 12. Calculate h(m).
-5
Let n be (1 - 2)*(-21 - -21). Let h(m) be the first derivative of -m**2 - 3*m - 29. Calculate h(n).
-3
Let w = -33 - -44. Let s be (-4)/(-10) + 6*w/(-165). Let l(p) = p**3 - p**2 - 4. Give l(s).
-4
Let b be ((-114)/15)/(143/(-55)) + (-4)/(-52). Let o(u) = 11*u - 17. What is o(b)?
16
Let k be 20/8*(-16)/(-20). Let o = 51 + -51. Let h(y) = -3*y + 4*y + o + y + 2. What is h(k)?
6
Let d(s) = -3*s - 5. Suppose 0 = 4*r - 5*i + 2, -21*r - 3*i = -16*r - 16. Suppose 2*g = r*l - 2, -3*l - 11 = 2*l - g. Determine d(l).
4
Let j be 0 + 14 + (5 - 11). Suppose -4*x = 3*o - 6, -4*o = -x - 0*x - j. Let g(t) = t**2 - 2*t + 2. Determine g(o).
2
Let b(k) = k**2 - k + 8. Let v(q) = -6*q + 48. Let s be v(7). Suppose -s = -15*p - 6. What is b(p)?
8
Let k(d) = -65*d**3 + 44*d**2 + 87*d + 207. Let p(b) = -27*b**3 + 17*b**2 + 35*b + 83. Let v(i) = 5*k(i) - 12*p(i). Calculate v(17).
5
Let t(b) = b**2 + 60*b + 9. Let h(p) = 2*p**2 + 131*p + 17. Let s(c) = -4*h(c) + 9*t(c). Calculate s(-14).
-15
Let q(h) = -17*h - 4. Let b(m) = 2*m + 2. Let t(g) = -6*b(g) - q(g). Suppose -2*l + 0*l + 4 = 0. Give t(l).
2
Suppose 0 = -346*z + 349*z - 18. Let y(k) be the first derivative of k**2 - 8*k - 40. Determine y(z).
4
Let i(n) be the second derivative of -4*n**3/3 + 20*n**2 - 1943*n. Give i(6).
-8
Suppose -1551 = 16*v - 1327. Let i(w) = w**3 + 13*w**2 - 15*w + 17. Determine i(v).
31
Suppose y = -y. Suppose -i = -y + 3. Let z(x) be the first derivative of -2*x**2 - 127722. Calculate z(i).
12
Let w(t) = -t**2 - 2*t - 4. Let p = -2205 - -2200. Give w(p).
-19
Let v(k) be the first derivative of k**4/4 + 11*k**3/3 + 5*k**2 - 4*k - 407. What is v(-10)?
-4
Let s = -10435 - -10432. Let i(t) = -t**2 - 25*t - 63. What is i(s)?
3
Suppose z - 5*w - 3 = -10, -w + 3 = 0. Let x(g) be the first derivative of g**4/4 - 3*g**3 + 11*g**2/2 + 5*g + 8. What is x(z)?
29
Suppose -4*i - 8 = -9*h + 8*h, 5*i = 2*h - 16. Let r(x) = 9 - 24 - 2*x + 1 + h - x. Suppose -o - 1 = -3*w, 3*o - 2*w + 6 = o. Give r(o).
6
Let a(j) be the third derivative of 0*j + 8/3*j**3 + 17*j**2 + 1/24*j**4 + 3. Calculate a(-13).
3
Suppose -2*s + 3*p - 8*p = 4, -4*s + p + 14 = 0. Suppose -4 = -b - 2*n, -s*b - 4*n + 24 = -5*b. Let t(d) = -d**2 - 4*d - 1. Determine t(b).
-1
Let k(i) = i**2 - 12*i - 22. Suppose -2*y + 5*y - 9 = 0. Suppose -16 - 26 = -y*g. Let d be k(g). Let m(z) = z**2 - 6*z + 7. Calculate m(d).
7
Let r(s) = -11*s - 37. Let b(f) = -14*f - 50. Let t(n) = -7*b(n) + 9*r(n). Let k be (-1 - -1) + 0/1. Give t(k).
17
Let l(g) = 110 + 257*g + 14514*g**2 - 29017*g**2 + 14508*g**2. What is l(-51)?
8
Let o(d) be the first derivative of d**3/3 + 4*d**2 + 6*d - 341. Calculate o(-6).
-6
Let y(j) be the second derivative of -7/6*j**3 - 176*j + 2 + 0*j**2. Give y(-2).
14
Let v(b) be the third derivative of b**6/120 - b**5/10 + b**4/12 + b**3/2 + 87*b**2 + b - 4. Give v(1).
0
Let g(i) = i**2 + 5*i - 13. Let z be 6/(-10) - ((-377)/5)/(-1). Let s be z/57*((-18)/4)/(-1). Calculate g(s).
-7
Let f(g) = -2*g - 8. Let b be (-4)/(-8)*4*2. Suppose 0 = -b*l + 8, 9*l - 18 = 4*r + 14*l. Give f(r).
6
Let t(q) = -3*q**2 - 19*q - 116. Let o(a) = a**2 + 2*a + 30. Let f(g) = 4*o(g) + t(g). Suppose -2*u = -4*u - j + 22, -u + 5*j = 0. What is f(u)?
-6
Let p(l) = l**3 - 13*l**2 + 12*l - 1. Let c be (-8)/(448/(-41640)) + 4/(-7). Let y = c + -731. Give p(y).
-1
Let l(i) = 0*i**2 + 7*i - 3227 + 4*i**2 + 3235 - 2*i**2. Determine l(-2).
2
Let x(z) = 2*z + 428. Let i(c) = -3*c - 679. Let y(a) = 5*i(a) + 8*x(a). What is y(-17)?
12
Let k(o) = 264*o**2 - 274*o**2 - 33*o + 4 + 16*o + 19*o. Determine k(-2).
-40
Let l(c) = -15*c + 4 - 40189*c**2 + 20089*c**2 + 20099*c**2. Calculate l(-12).
40
Let k(t) = 2*t. Let b(m) = 30*m - 4*m**2 + 20 + 5*m**2 - 21*m. Let p be b(-5). Give k(p).
0
Let l(r) be the second derivative of 1/3*r**4 + 3/2*r**2 + 2/3*r**3 + 0 - 104*r. What is l(-3)?
27
Let v be -107 - -114 - -2*(-3)/2. Let r(j) be the third derivative of -1/8*j**v + 16*j**2 + 0*j + 1/6*j**3 + 0. Give r(-2).
7
Let o(h) be the first derivative of -h**4/4 + 32*h**3/3 + 16*h**2 + 16*h - 12052. What is o(33)?
-17
Let u(v) = 235*v + 11264. Let j be u(-48). Let n(m) = 4*m + 48. Determine n(j).
-16
Let d(n) = -4*n**2 + 4*n - 27. Let y(h) be the first derivative of h**3/3 - h**2/2 - h + 239. Let c(o) = d(o) + 5*y(o). What is c(0)?
-32
Let z(c) = 3*c + 30. Let u = -356 - -83. Let f be 7/(u/474) - 10/(-65). Determine z(f).
-6
Let u(h) = 4*h**2 - 7*h - 6. Let v(b) = -1 + 8*b + 2 - 4*b**2 - 6 + 8 + 4. Let r = 8 - 13. Let o(p) = r*v(p) - 6*u(p). Determine o(-1).
-5
Let r(y) be the second derivative of y**5/20 + 7*y**4/12 - 7*y**3/6 + 9*y**2/2 + 2*y - 17. Suppose 9*s + 59 = -13. Determine r(s).
1
Let t be 84/14 + -1 + -14. Let u be 60/(-14) + t*(-12)/378. Let y(q) be the second derivative of -q**5/20 - 5*q**4/12 - 2*q**3/3 + 3*q**2/2 + 4*q. What is y(u)?
3
Suppose 84 = 17*a - 171. Let g(l) = -4*l - 10*l + a*l + 24*l. Give g(-1).
-25
Let j(g) be the second derivative of 1/4*g**4 + g**2 + 1/2*g**3 + 1/20*g**5 + 13 + 6*g. Let u = 2 - 4. What is j(u)?
0
Suppose -4*f - 3*v = 15, f + 5 = -v - 0. Let u(i) = -10*i + 1. Let l(r) = -31*r - 5. Let t(h) = -l(h) + 3*u(h). What is t(f)?
8
Let p(g) = -g**3 - 9*g**2 + 8*g - 10. Suppose 2*s - 4 = 4*f + 18, -f - 23 = 2*s. Determine p(f).
-82
Let r = 174 - 74. Let t = 94 - r. Let d(v) = v + 11. What is d(t)?
5
Let f(h) = 2*h**3 - 34*h**2 + 2*h - 35. Let s = -13103 + 13120. What is f(s)?
-1
Let l = 461 - 466. Let x(o) = -11*o - 51. Give x(l).
4
Suppose -3*k = 3*l - 3, 5*k + 4*l = -120 + 122. Let r(q) = 7*q + 10. Calculate r(k).
-4
Let c(a) = -4*a**2 - 55*a + 31. Let g = 23182 - 23196. What is c(g)?
17
Let g(t) = 597 - 539 + 35*t - 37*t. Calculate g(26).
6
Let z(u) be the third derivative of -u**5/60 - u**4/12 + 2*u**3/3 - 9*u**2 - 4*u. Suppose -16 = -3*l + 2. Suppose -8*v - 84 = l*v. What is z(v)?
-20
Let d be (6/(-120)*10)/(5/190). Let t(l) = l**2 + 19*l + 12. What is t(d)?
12
Let p(b) = -2*b - 1. Let h(w) = w**2 + 11*w. Let g(c) = -h(c) - 3*p(c). Let d(i) be the first derivative of g(i). What is d(6)?
-17
Let k be (-1 - -2)*(-20 + 54)/17. Let n(v) = -14*v - 3. Determine n(k).
-31
Let p(o) be the second derivative of -o**5/20 + 13*o**4/12 - 4*o**3/3 - 4*o**2 - 1188*o. Determine p(12).
40
Let y(v) be the first derivative of v**4/2 - 15. Suppose -39*q + 26 = -52*q. Give y(q).
-16
Suppose -8*z - 16*z + 271 = -89. Let w(r) = r**3 - 16*r**2 + 14*r + 27. Determine w(z).
12
Let q = -39 - -27. Let m(c) = 2*c + 29. Let r be m(q). Let i(l) = l**2 - 7*l + 4. Calculate i(r).
-6
Let g(n) be the first derivative of n**5/20 + n**4/4 - n**2 - 106*n + 170. Let u(s) be the first derivative of g(s). Calculate u(2).
18
Let a = -9 - -17. Let t(m) be the first derivative of -2 + 6*m - 1/2*m**2. Determine t(a).
-2
Let c(i) be the second derivative of i**7/2520 - i**6/720 - i**5/120 + 77*i**4/12 + 2*i + 1. Let s(q) be the third derivative of c(q). What is s(3)?
5
Let o(p) = 3 - 7*p**2 + 5*p**2 - 4*p + 0 - 2 + 0*p**2. Let h be 197/(-5) - (-3)/(-5). Let j be (-7)/49 + h/14. Give o(j).
-5
Suppose -30 = 3*